{"id":1792,"date":"2019-10-09T09:06:04","date_gmt":"2019-10-09T07:06:04","guid":{"rendered":"https:\/\/eb2019.paedagogik.uni-halle.de\/?page_id=1792"},"modified":"2020-04-13T14:25:12","modified_gmt":"2020-04-13T12:25:12","slug":"stimmen","status":"publish","type":"page","link":"https:\/\/eb2019.paedagogik.uni-halle.de\/?page_id=1792","title":{"rendered":"Stimmen zur historischen Erwachsenenbildungsforschung"},"content":{"rendered":"<p>[vc_row][vc_column][vc_toggle title=&#8220;Memorandum zur historischen Erwachsenenbildungsforschung&#8220; style=&#8220;arrow&#8220; color=&#8220;green&#8220; size=&#8220;sm&#8220; el_id=&#8220;1571062550873-ae61fd96-4fdd&#8220;]<strong>Vorbemerkung<\/strong><br \/>\nIm Sommer 1999 konstituierte sich unter der Leitung von Hans Tietgens am Deutschen Institut f\u00fcr Erwachsenenbildung (DIE) eine Projektgruppe \u201eGeschichte der Erwachsenenbildung\u201c. Die Projektgruppe 1 hatte u.a. die Aufgabe, Fragen der Sicherung und Dokumentation historischer Quellen zu diskutieren, Schwerpunkte und Defizite historischer Erwachsenenbildungsforschung zu identifizieren, zuk\u00fcnftige Forschungsperspektiven zu benennen &#8230; <a href=\"https:\/\/www.die-bonn.de\/esprid\/dokumente\/doc-2002\/ciupke02_01.pdf\" rel=\"noopener noreferrer\" target=\"_blank\">weiterlesen<\/a><\/p>\n<p>[\/vc_toggle][vc_toggle title=&#8220;K\u00e4rtchen zur Diskussion der &#8222;Perspektiven der Historiografie in der Erwachsenenbildung&#8222;&#8220; style=&#8220;arrow&#8220; color=&#8220;green&#8220; size=&#8220;sm&#8220; el_id=&#8220;1571119026008-394cb957-ad1a&#8220;]<em>Auf der Sektionstagung Erwachsenenbildung 2019 diskutierten die Teilnehmer_innen in kleinen Gruppen die unten genannten Fragen zur Bedeutung und zu den Herausforderungen der Historiographie in der Erwachsenenbildung und notierten ihre Ergebnisse auf Moderationskarten. Die Abschriften dieser K\u00e4rtchen finden Sie unter den jeweiligen Fragen. R\u00fcckfragen und Kommentare zu den K\u00e4rtchen k\u00f6nnen in der Kommentarfunktion formuliert werden.<\/em>\n<table id=\"tablepress-13\" class=\"tablepress tablepress-id-13\">\n<tbody>\n<tr class=\"row-1\">\n\t<td class=\"column-1\"><a href=\"https:\/\/eb2019.paedagogik.uni-halle.de\/?page_id=1833\">Worin liegt das bedeutendste Potenzial der historischen Forschung f\u00fcr die Zukunft der Erwachsenenbildung?<\/a><\/td><td class=\"column-2\"><img src=\"https:\/\/eb2019.paedagogik.uni-halle.de\/files\/2019\/10\/IMG_9790-300x232.jpeg\" alt=\"\" width=\"50\" height=\"50\" class=\"alignnone size-medium wp-image-1849\" \/><\/td>\n<\/tr>\n<tr class=\"row-2\">\n\t<td class=\"column-1\"><a href=\"https:\/\/eb2019.paedagogik.uni-halle.de\/?page_id=1841\">Worin besteht die gr\u00f6\u00dfte Herausforderung bzw. das wichtigste Desiderat bez\u00fcglich der historischen Forschung in der Erwachsenbildung?<\/a><\/td><td class=\"column-2\"><img src=\"https:\/\/eb2019.paedagogik.uni-halle.de\/files\/2019\/10\/IMG_9793-300x286.jpeg\" alt=\"\" width=\"50\" height=\"50\" class=\"alignnone size-medium wp-image-1847\" \/><\/td>\n<\/tr>\n<\/tbody>\n<\/table>\n<!-- #tablepress-13 from cache --><\/p>\n<p>[\/vc_toggle][vc_toggle title=&#8220;Stimmen zur historischen Erwachsenenbildungsforschung&#8220; style=&#8220;arrow&#8220; color=&#8220;green&#8220; size=&#8220;sm&#8220; el_id=&#8220;1571221076284-8caffdce-3a6b&#8220;]<\/p>\n<p><strong>Stimmen zur historischen Erwachsenenbildungsforschung. Ein Aufruf<\/strong><br \/>\n<strong>J\u00f6rg Dinkelaker (Martin-Luther-Universit\u00e4t Halle-Wittenberg) &amp; Nicole Hoffmann (Universit\u00e4t Koblenz-Landau)<\/strong><br \/>\n<em>Werte Mitglieder der Sektion Erwachsenenbildung, angesichts der vielf\u00e4ltigen und weiterf\u00fchrenden Beitr\u00e4ge zur Sektionstagung zur Geschichte und Geschichtlichkeit der Erwachsenenbildung und der Wahrnehmung einer zwar anregenden aber unabgeschlossenen Diskussionen vor Ort \u00fcber die Bedeutung historischer Analysen und Perspektiven f\u00fcr die Disziplin wurden am Ende der Tagung in einer der BarCamp-Gruppen \u00dcberlegungen angestellt, wie das Momentum dieser vielstimmigen Konferenz aufgegriffen und f\u00fcr weitergehende \u00dcberlegungen zur historischen Erwachsenenbildungsforschung in der Sektion fruchtbar gemacht werden kann <a href=\"https:\/\/eb2019.paedagogik.uni-halle.de\/?page_id=1992\">&#8230;weiterlesen<\/a><\/em><\/p>\n<p><strong>Matthias Rohs (Technische Universit\u00e4t Kaiserslautern)<\/strong><br \/>\n<em>Die Aufforderung der Organisatoren, seine \u201eStimmen zur historischen Erwachsenenbildungsforschung\u201c zur Sektionstagung der Erwachsenenbildung in Halle\/Saale abzugeben, hat mich nun doch bewogen meinem ersten Impuls auf eine R\u00fcckmeldung zur Sektionstagung \u2013 die ich dann aus Zeitgr\u00fcnden schon wieder ad acta gelegt hatte \u2013 zu folgen <a href=\"https:\/\/eb2019.paedagogik.uni-halle.de\/?page_id=1970\">&#8230;weiterlesen<\/a><\/em><\/p>\n<p><strong>Beatrix Niemeyer (Europa-Universit\u00e4t Flensburg)<\/strong><br \/>\n<em>W\u00e4hrend der Sektionstagung in Halle hat mich die Frage nach \u201eden Frauen\u201c in der Geschichte der Erwachsenenbildung ebenso irritiert wie die simplifizierenden Antwortversuche, mit denen in der Diskussion jeweils darauf reagiert wurde. Diese Irritation nehme ich zum Anlass, meine \u00dcberlegungen dazu zu Geh\u00f6r zu bringen und ich freue mich sehr dar\u00fcber, dass die Veranstalter: innen mit diesem Format der \u201eStimmen\u201c die Gelegenheit dazu bieten <a href=\"https:\/\/eb2019.paedagogik.uni-halle.de\/?page_id=1981\">&#8230;weiterlesen<\/a><\/em><\/p>\n<p><strong>Malte Ebner von Eschenbach (Martin-Luther-Universit\u00e4t Halle-Wittenberg)<\/strong><br \/>\n<em>Wenngleich das Nachdenken \u00fcber die Produktion und Entfaltung von Erkenntnis, unabh\u00e4ngig davon, ob es sich um eine empirisch oder theoretisch legitimierte handelt, eine wichtige Funktion f\u00fcr die Entwicklung der Erwachsenenbildung als wissenschaftliche Disziplin inne hat, so liegt \u00bbnoch keine umfassende erwachsenenp\u00e4dagogische Wissenschaftsgeschichte\u00ab (Ciupke u. a. 2002, 25) vor <a href=\"https:\/\/eb2019.paedagogik.uni-halle.de\/?page_id=1988\">&#8230;weiterlesen<\/a><\/em><\/p>\n<p><strong>Nicole Hoffmann (Universit\u00e4t Koblenz-Landau)<\/strong><br \/>\n<em>Hiermit m\u00f6chte ich mich jenen Voten anschlie\u00dfen, welche \u2013 etwa bei der Tagung in Halle und in den \u201eStimmen\u201c hier \u2013 auf die zentrale Bedeutung eines soliden Zugangs zu Quellen der historischen Erwachsenenbildungsforschung hingewiesen haben. Konkret m\u00f6chte ich dazu eine Anregung aus einer der Panel-Diskussionen weitergeben. Gerade anl\u00e4sslich der j\u00fcngsten Feierlichkeiten zu \u201e100 Jahre VHS\u201c war der Eindruck zu gewinnen <a href=\"https:\/\/eb2019.paedagogik.uni-halle.de\/?page_id=2019\">&#8230;weiterlesen<\/a><\/em><\/p>\n<p><strong>Andreas Seiverth<\/strong><br \/>\n<em>Ausgehend von meinen Recherchen zur intellektuellen und politischen Biographie Heinz-Joachim Heydorns m\u00f6chte ich anregen, die biographisch-zeithistorischen Erfahrungskontexte von Theoretikern und Praktikern der Erwachsenenbildung, die die historischen Konstitutionsphasen der Erwachsenenbildung in der Weimarer Republik und nach dem 2. Weltkrieg gepr\u00e4gt haben, als theorie- und konstituionsrelevante Dimension f\u00fcr die institutionelle und disziplin\u00e4re Begr\u00fcndung der Erwachsenenbildung zu erforschen. Dabei w\u00e4re von der Hypothese auszugehen <a href=\"https:\/\/eb2019.paedagogik.uni-halle.de\/?page_id=2068\">&#8230;weiterlesen<\/a><\/em><\/p>\n<p><strong>J\u00f6rg Dinkelaker (Martin-Luther-Universit\u00e4t Halle-Wittenberg)<\/strong><br \/>\n<em>Erwachsenenbildung ist eine Praxis, die sich vermittels ihrer Zukunftsentw\u00fcrfe konstituiert. Sie ist ohne die Erwartung einer Zukunft nicht realisierbar, in der sie einst zu dem werden kann, was sie gegenw\u00e4rtig zu sein anstrebt (so bspw. bei Stephani 1813, Flittner 1920, Picht 1968, Tietgens\/Mertineit\/Sperling 1970, Faulstich-Wieland\/Nuissl\/Siebert\/Weinberg 1998, Kommission der Europ\u00e4ischen Gemeinschaften 2000, Lassnig 2015). Schreitet die Zeit voran,<a href=\"https:\/\/eb2019.paedagogik.uni-halle.de\/?page_id=2076\">&#8230;weiterlesen<\/a><\/em><br \/>\n[\/vc_toggle]<\/p>\n<p>[vc_row][vc_column][vc_toggle title=&#8220;Weitere Dokumente zum Download&#8220; style=&#8220;arrow&#8220; color=&#8220;green&#8220; size=&#8220;sm&#8220; el_id=&#8220;1571062550873-ae61fd96-4fdd&#8220;]<strong>Erwachsenenbildung im Faschismus (Georg Fischer, 1981)<\/strong><br \/>\n<em>Erwachsenenbildung im Faschismus. Eine historisch-kritische<br \/>\nUntersuchung \u00fcber die Stellung und Funktion der Erwachsenenbildung<br \/>\nzwischen 1930 und 1945 (Georg Fischer, 1981) [vergriffene Dissertation; mit freundlicher Erlaubnis des Autors; nicht redigiertes Transkript]  <\/em><a href=\"https:\/\/eb2019.paedagogik.uni-halle.de\/files\/2020\/02\/Erwachsenbildung-im-Faschismus_Georg-Fischer.pdf\" rel=\"noopener noreferrer\" target=\"_blank\">PDF-Link<\/a><br \/>\n[\/vc_toggle]<\/p>\n<p><a href=\"https:\/\/eb2019.paedagogik.uni-halle.de\">Zur\u00fcck zur Startseite<\/a><\/p>\n","protected":false},"excerpt":{"rendered":"<div class=\"entry-summary\">\nVorbemerkung Im Sommer 1999 konstituierte sich unter der Leitung von Hans Tietgens&hellip;\n<\/div>\n<div class=\"link-more\"><a href=\"https:\/\/eb2019.paedagogik.uni-halle.de\/?page_id=1792\" class=\"more-link\">Continue reading<span class=\"screen-reader-text\"> &ldquo;Stimmen zur historischen Erwachsenenbildungsforschung&rdquo;<\/span>&hellip;<\/a><\/div>\n","protected":false},"author":3976,"featured_media":0,"parent":0,"menu_order":0,"comment_status":"closed","ping_status":"closed","template":"","meta":{"_links_to":"","_links_to_target":""},"_links":{"self":[{"href":"https:\/\/eb2019.paedagogik.uni-halle.de\/index.php?rest_route=\/wp\/v2\/pages\/1792"}],"collection":[{"href":"https:\/\/eb2019.paedagogik.uni-halle.de\/index.php?rest_route=\/wp\/v2\/pages"}],"about":[{"href":"https:\/\/eb2019.paedagogik.uni-halle.de\/index.php?rest_route=\/wp\/v2\/types\/page"}],"author":[{"embeddable":true,"href":"https:\/\/eb2019.paedagogik.uni-halle.de\/index.php?rest_route=\/wp\/v2\/users\/3976"}],"replies":[{"embeddable":true,"href":"https:\/\/eb2019.paedagogik.uni-halle.de\/index.php?rest_route=%2Fwp%2Fv2%2Fcomments&post=1792"}],"version-history":[{"count":10,"href":"https:\/\/eb2019.paedagogik.uni-halle.de\/index.php?rest_route=\/wp\/v2\/pages\/1792\/revisions"}],"predecessor-version":[{"id":2097,"href":"https:\/\/eb2019.paedagogik.uni-halle.de\/index.php?rest_route=\/wp\/v2\/pages\/1792\/revisions\/2097"}],"wp:attachment":[{"href":"https:\/\/eb2019.paedagogik.uni-halle.de\/index.php?rest_route=%2Fwp%2Fv2%2Fmedia&parent=1792"}],"curies":[{"name":"wp","href":"https:\/\/api.w.org\/{rel}","templated":true}]}}